te the greatest common factor of g and 153.
9
Let v(m) = -m + 1. Let i be v(5). Let s = 1 - i. Suppose 2*o - 100 = 5*y, -63*y + 61*y = -16. What is the highest common factor of o and s?
5
Suppose 3*v - 3 - 1 = -2*m, 5*m - 5*v = 10. Suppose 4*x + 508 = 4*u, u - 129 = -m*x + 4*x. Let p = -81 + u. What is the highest common divisor of 11 and p?
11
Let l(x) = 14*x**2 - 10*x - 544. Let f be l(-14). Calculate the greatest common divisor of f and 126.
18
Suppose -2*g = 18*q - 36, 0 = 2*g + 4*q + 237 - 287. Let f be (-2)/4*0 + 297. Calculate the greatest common divisor of g and f.
27
Suppose 0 = 18*b - 22*b - 3*i + 50017, 5*i + 5 = 0. Calculate the greatest common factor of 1025 and b.
205
Let d = 548 - 544. Suppose -25 = -d*x + 175. What is the greatest common divisor of 90 and x?
10
Suppose -4*j = -19*j - 30. Let s be (j - (5 - 77)) + 2. Calculate the highest common divisor of 18 and s.
18
Let l = 11699 - 11683. Let n(h) = 34*h + 6. Let u(f) = 273*f + 49. Let w(d) = 49*n(d) - 6*u(d). Let s be w(4). What is the greatest common divisor of l and s?
16
Let p = -3690 - -6045. Calculate the greatest common divisor of 1099 and p.
157
Suppose -c + 87 = 2*c. Suppose 90 = 45*k - 39*k. Suppose 0 = -k*l + 16*l - 58. Calculate the highest common factor of l and c.
29
Suppose 0 = 3*w - 1 - 8. Let i be (-5 - -5)/(-5) - -2. Let t be 270/(-60)*i/(-1). Calculate the highest common factor of t and w.
3
Let o = 255 + -168. Suppose 0 = -23*x + 1309 + 2026. Calculate the highest common factor of o and x.
29
Let a = -110 + 197. Let s = 443 + -472. Let h be (-8)/(-6)*(-3)/2*s. What is the greatest common factor of h and a?
29
Let b be 1/(-5) + 1542/(-15) + -1. Let r be ((-26)/b)/((-1 - -3)/(-8)). Let n be 3/(15/10) - r*70. Calculate the highest common divisor of 18 and n.
18
Let y be (69/(-92))/((-65)/(-280) - 4/14). Suppose 0 = -2*c + 3*o + 349, 3*c - 5*o = 6*c - 571. What is the highest common divisor of y and c?
14
Suppose 19 = 3*u + 1. Let c be 27/u*(40/(-15) + 4). What is the greatest common divisor of 66 and c?
6
Suppose f - 671 = -256. Suppose f = 5*z + 5*h, 6*z - 10*z + 5*h = -377. Calculate the greatest common divisor of z and 12.
4
Let y(g) be the second derivative of g**5/20 + 11*g**4/12 - 9*g**3/2 + 4*g**2 + 76*g. Let t be y(-13). What is the greatest common factor of 6 and t?
3
Let o = 2513 + -2027. What is the highest common factor of o and 378?
54
Suppose -11*g - 1 = -1. Let b(a) = -a**2 + a + 24. Let w be b(g). Calculate the highest common factor of w and 102.
6
Let s(k) = k - 4. Let w be s(7). Suppose -w*l + 3*q = -6, -3*l - q + 1 = -l. Let i be 11 + l*1/1. Calculate the greatest common factor of i and 12.
12
Let j be 15/(-9)*(-10758)/163. Calculate the greatest common divisor of j and 3718.
22
Suppose 0 = -5*s + 5*y + 15380, -5*s = -6*y + 9*y - 15420. What is the greatest common factor of s and 711?
237
Let v = -9 - -18. Let j = 918 - 912. Suppose i - j = v. Calculate the greatest common divisor of 45 and i.
15
Let p = 1694 + -1687. Calculate the highest common divisor of 47 and p.
1
Let h(a) = 6*a + 6. Let q be h(-10). Let r be (-81)/q + (-2)/((-8)/10). What is the highest common factor of r and 20?
4
Suppose 156 = 4*j - 5*q, -2*j + 5*q = -67 - 11. Suppose 0 = -o + y + j - 7, -2*y + 60 = 2*o. Calculate the greatest common divisor of 62 and o.
31
Let r(y) = y**2 + 15*y - y**3 - 5*y - 9*y + 2 + 2*y**3. Let z be r(-1). Let b be 4/14 + (-48)/(-28). What is the greatest common divisor of z and b?
1
Let d(v) = -305*v - 3976. Let x be d(-99). What is the greatest common factor of 167 and x?
167
Suppose 104 = 3*h - 5*a - 44, -3*h + 116 = -a. Calculate the highest common divisor of h and 4812.
12
Suppose 59 = 6*d - 3*d - 2*k, 5*k = -4*d + 117. Suppose -55*f = 5384 - 19299. Calculate the greatest common divisor of d and f.
23
Let m be 4/(-2)*(69 - (65 - -56)). Let i(q) = q**2 - q - 8. Let a be i(0). Let j be (-66)/a - (-3)/(-12). Calculate the greatest common factor of j and m.
8
Suppose 15*b = -45*b + 473 + 667. What is the greatest common factor of b and 2603?
19
Suppose -72 = -2*f - 3*u, 3*f + 9*u - 6*u - 117 = 0. What is the greatest common divisor of 340 and f?
5
Let z(i) = 14*i. Let w be z(4). Let s(m) = 3*m**3 - 22*m**2 - 17*m + 176. Let t be s(7). Calculate the greatest common factor of w and t.
8
Let g be 184 + (43 - 391/17). What is the highest common factor of g and 124?
4
Suppose -482 = -z - k, -28*k = 15*z - 26*k - 7152. Calculate the greatest common factor of 504 and z.
28
Let c(w) = -58*w - 1778. Let s be c(-71). What is the highest common divisor of 6 and s?
6
Suppose 8*z - 222 = -30. Let p be 17/4 - (-18)/z. Suppose 15*h - p*h = 620. What is the highest common divisor of h and 31?
31
Suppose 31 = 4*z - 9. Let k = -22 - -17. Let g be -5*((k - -4) + -37). Calculate the highest common factor of z and g.
10
Let u be (((-162)/15)/(-3))/(810/46575). Calculate the highest common factor of 437 and u.
23
Suppose -7*y = 483 - 1680. Let r = -8 + 5. Let u be 12/8*(-38)/r. Calculate the greatest common divisor of u and y.
19
Let i(c) = 6*c + 1464. Let m be i(-44). What is the greatest common factor of 96 and m?
48
Let d(r) = -76*r**3 - 4*r**2 - 80*r - 7. Let o be d(-6). Calculate the highest common divisor of o and 85.
85
Suppose 13*v - 32*v + 1792 = 37*v. What is the highest common factor of v and 7312?
16
Suppose 5*n = -24 - 1, 4*n = 2*i - 80. Let d be 487 - ((-2)/(-4))/((-5)/i). Let c = d - 138. Calculate the greatest common factor of c and 32.
32
Let b = -4155 - -4195. Calculate the highest common factor of b and 904.
8
Let o(s) = s - 8. Let x(f) = -3*f + 8. Let p(z) = 2*o(z) + 3*x(z). Let b be p(-7). Calculate the greatest common divisor of b and 76.
19
Let k be ((-2)/24)/(40/(-41200)) - (-1)/6. What is the highest common divisor of k and 15437?
43
Let z(o) = 19*o + 141. Let h be z(-6). Suppose f + 1352 = h*f. Calculate the highest common divisor of f and 24.
4
Let q be (-6)/1*(3 - 4). Suppose 142*i - 2105 - 34531 = 0. What is the highest common factor of q and i?
6
Suppose 366 + 194 + 2176 = 12*o. What is the greatest common factor of 5130 and o?
114
Suppose 92*v - 192 = 84*v. Suppose 0 = -3*a, 99 = -23*q + v*q + 4*a. Calculate the highest common divisor of 231 and q.
33
Let f(c) = -19*c - 90. Let g be f(-5). Let u = 24 - -1. Calculate the greatest common divisor of u and g.
5
Suppose -5*j = -10, -26*l + 6*j = -24*l - 96. Calculate the greatest common factor of 2403 and l.
27
Suppose -5*b + 5 + 15 = 0. Let y = 73 + b. Suppose -4*w + g = -27, 5*g - 18 = -2*w + 1. What is the greatest common factor of y and w?
7
Suppose 17358 + 8992 = 29*p + 2860. Calculate the highest common divisor of p and 2160.
270
Suppose 2*p - 600 = 7*d - 6*d, 2*p + 2*d = 600. Let s = -6 - -6. Suppose s = -49*j + 54*j - p. What is the highest common divisor of 15 and j?
15
Suppose 10*c = 11*c + j - 198, -c + 200 = 2*j. Let k = c - 174. Calculate the highest common factor of 10 and k.
2
Suppose 0 = -6*n + 3*n + 30. Let c(w) = w**2 + 9*w + 9. Let h be c(0). Suppose -h*k + 149 = -121. What is the greatest common factor of n and k?
10
Suppose 35*l + 1717 = 11762. What is the greatest common factor of 84 and l?
7
Suppose 4*s - 911 = -0*g + 3*g, 2*s = -5*g + 423. Suppose -11*a + 10*a = -s. Suppose -143*h = 30*h + 65*h - 6664. What is the greatest common factor of h and a?
28
Suppose -r = -3*b - 33, 0 = -r + 585*b - 587*b + 38. Calculate the greatest common factor of r and 1062.
18
Let a = -534 + 759. Let w be (a/20)/((-15)/(-80)). What is the highest common factor of w and 390?
30
Suppose 0 = -j + 3*b + 255, 5*b - 612 - 643 = -5*j. Suppose l - 7*l = -j. What is the greatest common factor of 6 and l?
6
Suppose -23*k + 694 = 230*k - 38045 + 2054. Suppose -2*d + 7*d - 580 = 0. What is the greatest common divisor of k and d?
29
Let i = -8996 + 9414. What is the highest common factor of i and 1216?
38
Suppose -5*h = -13 + 83. Let r be 740/15 + 14/21. Let m be h - -10 - r/(-2). Calculate the highest common factor of m and 14.
7
Let p(b) = -2*b + 6. Let u(w) = -8*w + 17. Let j(a) = -11*p(a) + 4*u(a). Let m be j(-8). What is the greatest common factor of m and 205?
41
Let z(q) = q**2 - 122*q + 4181. Let v be z(39). What is the greatest common divisor of 592 and v?
16
Let x = -5 - 7. Let f(w) 